What is b(q)?
-4
Let u = 1847 + -1851. Let d(h) = -4*h**2 - 15*h + 3. What is d(u)?
-1
Let l(w) = -w**3 + w**2 + 3*w + 3. Let m(i) = -i**3 - 4*i**2 + 2*i - 12. Let h be m(-5). What is l(h)?
-6
Let i(b) = -b**2 + 8*b - 3. Suppose -52 - 44 = -16*f. Calculate i(f).
9
Let d(a) = -a + 4. Let g = 43 + -38. Suppose g + 13 = 3*n. Give d(n).
-2
Let v(p) = p**3 - 3*p**2 - p - 4. Suppose -8*j - 36 = -11*j. Suppose 17*o = j*o + 15. What is v(o)?
-7
Let w(a) = -a + 2. Suppose 0 = l - 0*g - 2*g + 1, 8 = -2*l - 2*g. Give w(l).
5
Let w(n) = 4*n - 1. Let v be 12/(-30) + 26/(-10). Let o = v + 0. Give w(o).
-13
Let x(k) = -2 + 3 - 9*k + 7 + 0. Calculate x(2).
-10
Let m(k) = -5*k - 4. Let v be m(-6). Let f = v - 24. Let o(u) = 3*u - 1 - 6*u**2 + 6*u**f + u**2. Determine o(-2).
-3
Suppose -3*q + 4 + 5 = 0. Suppose -3*d - 4*i + 1 = 0, i + q - 1 = 0. Let l(t) = -d - 11*t + 3*t + 0. What is l(-2)?
13
Let x(a) = a**3 + 13*a**2 - 13*a + 14. Suppose 7*b + 56 = 3*b + 4*q, 5*q = -3*b - 42. Give x(b).
0
Let q(j) be the second derivative of j**7/2520 - j**5/120 + 7*j**4/6 + 24*j. Let g(n) be the third derivative of q(n). Let c = -2 - 0. Give g(c).
3
Let s(i) = 2*i - 251 + 126 + 122. Let p = 40 + -43. Give s(p).
-9
Suppose 2*l - 6 = -2. Let b(o) = 3*o - 2 - l*o + 2 - 6. Let f be (-5)/(-10) + (-22)/(-4). What is b(f)?
0
Let u(o) = o**2 - 10*o - 9. Let v be u(11). Let f(m) = 15*m + 0*m**3 - m**3 + 4 - 13*m - 4*m**v. Let t be -1 + -4 - (-1)/1. Determine f(t).
-4
Let g(n) = 3*n**2 + 0*n - n**3 - 7*n + 3*n + 0*n. Let k be -3*((-1 - -1) + -1). Calculate g(k).
-12
Let c(b) = -b**3 + 6*b**2 + 7*b - 5. Let f be ((-7)/21)/(1/123). Let s = f - -48. Give c(s).
-5
Let j(u) = u + 6. Let y be j(-5). Let x be (y/(-3))/(7/(-147)). Let o(z) = -z + x*z**2 - z**3 + 3*z - 3*z**2 - 4 + z. Determine o(3).
14
Let k(t) be the second derivative of -t**3/6 - 3*t**2/2 + t. Let m = 100 + -105. Determine k(m).
2
Let a(k) = k**2 + 3*k + 4. Let g be a(-3). Let q(s) be the second derivative of -s**3 + 3*s**2 + 6*s - 13. Calculate q(g).
-18
Let j be (6/(-2))/(3/(-4)). Let f(b) be the third derivative of -b**4/12 - 172*b**2. Determine f(j).
-8
Let j(c) = -3*c**2 - 3. Let v(g) = 4*g - 2*g + 2*g**2 - g + 3. Let s(o) = 3*j(o) + 4*v(o). Give s(4).
3
Let g(v) = 6*v**3 + 3*v**2 - 5*v - 7. Let m be g(6). Let r(p) = -m*p**2 - p**3 + 8 + 1361*p**2 + 0*p**3. Suppose -8 + 38 = -5*j. What is r(j)?
8
Let q(l) = l**3 + 6*l**2 - 3*l - 9. Let o = 27 - 22. Let y(j) = -j**2 + j + 1. Let g be y(-3). Let p = g + o. Give q(p).
9
Suppose 4*i - 2*i - 788 = 0. Let j(z) = i + z**2 + 396 - 777 - 10*z. Calculate j(9).
4
Suppose -4*i - 11 = -l, -7 = 5*i - 5*l + 3. Let d be -3 + i*(-4)/(-12). Let g(q) = -q**2 - 5*q - 4. What is g(d)?
0
Let x(l) = 8*l - 55. Let m be -3 - (-72)/((-96)/(-12)). Give x(m).
-7
Let t(w) be the third derivative of -w**4/8 - 5*w**2. Let q(i) = 2*i**2 - 28*i + 47. Let a be q(12). Give t(a).
3
Let x(s) be the third derivative of 7*s**4/24 + s**3/3 - 9*s**2 - 2*s. Give x(-2).
-12
Let u(l) = 18*l + 5 + 23*l + 19*l - 1 - 61*l. Suppose -2*w + 2*y + 0*y = -18, -2*w = 3*y + 2. Give u(w).
-1
Let x(d) = -23*d. Suppose 0 = 5*g - 10 + 30. Let m be 6 + g + -4 - (-2 - 1). What is x(m)?
-23
Let y(o) = -28*o**2 + 14*o**2 + 13*o**2 - 5*o**3. Calculate y(1).
-6
Suppose -63*k = -10*k - 53. Let q(z) = 12*z. Determine q(k).
12
Let h be 0 + (-1 - -10) - -1. Let i(n) = -n**2 - 63*n + 4. Let t(k) = -4*k**2 - 215*k + 11. Let f(a) = 7*i(a) - 2*t(a). Give f(h).
-4
Let u(x) = -5*x**3 - 25*x**2 - 17*x - 21. Let q(y) = -y**3 - 6*y**2 - 4*y - 5. Let l(r) = 9*q(r) - 2*u(r). Give l(5).
12
Let f be (-4)/(-5) + 1728/40. Let u be -2*(5 - f/8). Let k(w) = 3*w + 1. Give k(u).
4
Let c(p) = -2*p**2 + 5*p - 7. Let w = -1375 + 1378. Calculate c(w).
-10
Let a = -4 - -3. Let l(b) = 3. Let g(o) = o + 7. Let y(z) = -z - 1. Let f be y(1). Let n(i) = f*g(i) + 5*l(i). Determine n(a).
3
Let x(q) = 4*q**3 - 2*q**2 + 1. Let i = 1110 - 1111. Calculate x(i).
-5
Let h(r) = 103*r - 17*r - 28*r - 35*r + 7 - 24*r. Let q be (-42)/(-4)*(-4)/(-6). Calculate h(q).
0
Suppose 0 = f - 5*a + 17, 0 = -5*f - a - 0*a + 19. Let n(o) = -6*o**2 - 31*o**f + 2*o + 15*o**3 + 17*o**3. What is n(5)?
-15
Let u be (6/9)/2*12. Let g(b) = b**3 + 4*b**2 + 4*b - 1. Let o be g(-3). Let x = o + u. Let l(q) = -q**3 + q**2 - q - 1. Determine l(x).
-1
Let k(v) = v - 1. Let a(p) = p**3 - 11*p**2 + 10*p - 1. Let r be a(10). Let n(f) = 6*f + 4. Let c(m) = r*n(m) - 4*k(m). What is c(-2)?
20
Let x(i) = -2*i + i - 4 - 2*i. Suppose -425 = 8*r - 121. Let z = 33 + r. Calculate x(z).
11
Let z(y) = -3*y + 2. Let v(f) = -2*f + 1. Let n(w) = 5*v(w) - 3*z(w). Suppose 0*d - 10 = 2*b + 5*d, -d = 0. What is n(b)?
4
Let w(l) = -l + 3. Suppose q = -k - 7 - 5, 4 = -4*k. Let m = q - -15. Suppose 0 = -0*s + m*s + 16. What is w(s)?
7
Let k(h) = -h**2 - 2*h. Suppose 0 = -4*w - w + 65. Suppose -z = -2*s - 2*s + 8, -w = -4*z + s. Suppose g + 2*j - 3 = 4, -3*g - z*j + 11 = 0. Calculate k(g).
-3
Suppose 7*l = -8 + 29. Let n(w) = -w. Let p(k) be the first derivative of 2*k**3/3 - k**2/2 - 4*k + 1. Let f(v) = -n(v) - p(v). What is f(l)?
-8
Let h = -8 - -13. Suppose 0 = -5*y - h - 0. Let a(v) = 13*v**2 + 2*v + 1. Calculate a(y).
12
Let m(j) = -6*j - 2. Let u = -33 - -34. Give m(u).
-8
Suppose -3*t = 69 - 15. Let g(d) = d**3 + 19*d**2 + 18*d. Let n be g(t). Suppose 5*y - q = n, 5*y = 3*q - 7*q + 25. Let v(j) = 11*j**3 - j. Give v(y).
10
Let a(f) = f**2 - 5*f - 7. Let t(i) = i**2 + 7*i. Let d be t(-7). Suppose d = -3*z - 3 - 0. Let q(r) = 6*r**2 + r + 1. Let y be q(z). Calculate a(y).
-1
Let s(v) = -9 - 96*v**3 - 3*v + v**2 + 46*v**3 + 49*v**3 + 3*v**2. Calculate s(4).
-21
Let r be -3 + (-5)/10*-10. Let v(b) = -14 + 13 + 0*b**r - b**2. Calculate v(2).
-5
Let h(v) be the second derivative of -v**4/3 + v**3/2 - 19*v**2/2 - 9*v. Let d(f) = -2*f**2 + 2*f - 9. Let k(s) = 13*d(s) - 6*h(s). Determine k(5).
-13
Let a = 1152 - 1160. Let u(k) = -k + 3. What is u(a)?
11
Suppose 7*w - 20*w = -117. Suppose 0 = -226*m + 223*m - w. Let f(p) = -p**2 + 3. Calculate f(m).
-6
Let f(r) = -2*r**2 - 11*r - 14. Let j be f(-6). Let q be 0*(j/(-16) - 1). Suppose p + 0*p + 6 = q. Let y(v) = v**2 + 8*v + 4. What is y(p)?
-8
Let d(a) = -2*a**2 + a - 1. Let r(q) = 2*q**2 - 3*q - 2. Let b be r(4). Let w = b + -14. Let o(u) = u**2 - u + 1. Let m(f) = w*o(f) + 3*d(f). Give m(2).
-9
Let g(r) = -r**3 + 2*r**2 + r + 3. Let m = -15 + 17. Suppose 0*x - m*d = -3*x + 50, 36 = 2*x - 4*d. Let w = x - 13. Give g(w).
-3
Let r = -1391 + 1397. Let p(j) = j**3 - 6*j**2 - 6*j + 12. Give p(r).
-24
Let g be 2 - 0 - 1/1. Let o(y) = -2*y - g + y + 0*y. Suppose 2*l - 2*n - 3 = -3*n, 0 = -2*l - 2*n. Calculate o(l).
-4
Let c(o) be the third derivative of o**5/60 - o**4/4 + 3*o**3/2 + 107*o**2. Determine c(7).
16
Suppose 0*c - 2*m - 4 = 2*c, 0 = 4*c - 2*m - 16. Let v(b) = 14 - 16 - 3*b + 3*b**2 + 2*b - c*b**2. Give v(0).
-2
Let d(k) = -k**2 - 3*k + 2*k**2 + 37 + 10*k - 9 - 20. Calculate d(-6).
2
Let p(a) be the first derivative of a**4/4 - 2*a**3 - a**2 + 4*a - 15. What is p(5)?
-31
Let u(f) be the third derivative of -f**6/12 + f**5/60 - f**4/24 - f**3/2 + f**2 - 40. Determine u(-1).
9
Let o(y) = y**2 + 6*y + 6. Let s be o(-4). Let n(c) = -c**2 - 3*c - 1. Calculate n(s).
1
Let q(i) = i**3 + 5*i**2 - 4*i - 1. Let k(f) = f**2 - 5*f - 56. Let c be k(10). What is q(c)?
-13
Suppose 0 = 5*c + 4 + 1, 3*c + 9 = 3*g. Let i(x) = -3*x + 6. Let b(m) = -8*m + 17. Let u(n) = 4*b(n) - 11*i(n). Calculate u(g).
4
Let f(g) = -g + 24. Let s = -837 + 844. Give f(s).
17
Let v(s) = -3*s**2 - 14*s - 5. Let h(b) = -5*b**2 - 28*b - 12. Let m(f) = 4*h(f) - 7*v(f). Give m(15).
2
Let n(m) = -13*m**2 - 4*m - 3. Let h = -23 - -21. Let a be 9/(-1) + (-4)/h. Let x(w) = -9*w**2 - 3*w - 2. Let u(j) = a*x(j) + 5*n(j). Calculate u(2).
-7
Let r(q) = 3*q. Let a be (4/(-6))/((-28)/42). Suppose -4*l + a = 3*t - 1, -5*l - 13 = -4*t. Suppose -t*p - 3*v = 12 - 4, -5*p = 2*v + 20. Calculate r(p).
-12
Suppose 0 = -p - 7 + 1. Let m = 16 - p. Let u = -21 + m. Let t(n) = 2*n + 1. Give t(u).
3
Let f(h) be the first derivative of -9*h**2/2 + 4*h - 142. Give f(5).
-41
Let d(q) = -2 + 3 - 2*q + q. Suppose 2*b - 6 = 0, 0 = 4*a + 3*b - 80 - 21. Let r = a - 17. Give d(r).
-5
Suppose 28 = 4*y - 3*b, -2*y + 6*y + 3*b = 4. Let u(k) = k 